 + 32*k**2 - 6*k - 46. Give w(-3).
206
Let c(w) = -13*w**3 + 67*w**2 - 337*w + 1057. Calculate c(4).
-51
Let z(y) = -645*y + 834. Calculate z(1).
189
Let v(y) = 2*y**2 - 43073*y + 215314. Give v(5).
-1
Let s(p) = 7267*p + 58127. Calculate s(-8).
-9
Let j(n) = 500773*n + 14522420. Determine j(-29).
3
Let l(y) = 2*y**3 - 1539*y**2 + 15192*y - 26. Calculate l(10).
-6
Let v(g) = 4520*g - 185314. Determine v(41).
6
Let l(o) = 208*o + 31393. What is l(-149)?
401
Let p(g) = 4*g**3 + 373*g**2 + 16*g - 7191. Calculate p(-93).
-30
Let m(x) = 3105*x - 468846. Determine m(151).
9
Let a(j) = 23*j - 13214. Determine a(272).
-6958
Let l(u) = u**3 + 211*u**2 + 8473*u - 858. Calculate l(-157).
-73
Let z(b) = -62*b**2 + 6144*b + 18978. Calculate z(-3).
-12
Let r(c) = -c**3 + 87*c**2 - 2050*c + 21280. Determine r(58).
-64
Let v(s) = -7740*s - 843626. Determine v(-109).
34
Let p(r) = r**3 - 283*r**2 + 530*r + 75. What is p(2)?
11
Let g(u) = -5*u**2 - 631*u + 2497. What is g(4)?
-107
Let x(t) = -5*t**2 - 687*t - 16906. Give x(-105).
104
Let g(z) = -11*z**2 - 55*z - 24. Give g(-7).
-178
Let b(g) = -39*g**3 + 1482*g**2 + 15*g - 621. What is b(38)?
-51
Let j(z) = 13723*z - 18526073. Determine j(1350).
-23
Let r(f) = 112431*f + 6183704. Give r(-55).
-1
Let f(o) = 337*o - 16691. Give f(51).
496
Let j(x) = -12*x**3 + 285*x**2 + 19*x - 43. Determine j(24).
-1315
Let h(l) = 754069*l - 33179038. What is h(44)?
-2
Let q(m) = -467413*m + 10283096. What is q(22)?
10
Let i(a) = 58182*a + 1163644. Determine i(-20).
4
Let v(a) = 7*a**2 - 41983*a + 1668115. What is v(40)?
-5
Let r(h) = 7*h**3 - 80*h**2 - 3803*h + 42199. Determine r(11).
3
Let x(p) = 2*p**3 - 41*p**2 - 2061*p - 303. Determine x(44).
5
Let k(m) = -m**2 + 179*m - 7495. What is k(114)?
-85
Let g(b) = -3*b**3 - 68*b**2 - 49*b - 1653. What is g(-23)?
3
Let w(u) = -u**2 + 3549*u - 39031. Give w(11).
-113
Let k(i) = 1548*i - 52628. What is k(34)?
4
Let x(d) = -3*d**2 - 4010*d + 8019. What is x(2)?
-13
Let q(l) = 393*l + 3420. Determine q(-9).
-117
Let v(s) = s**3 - 109*s**2 + 623*s - 542. Give v(5).
-27
Let b(l) = -3*l**3 + 1280*l**2 - 758*l - 40107. Determine b(426).
-63
Let s(r) = r**3 - 22*r**2 + 8447*r - 212152. Calculate s(25).
898
Let c(u) = -6*u**2 + 137*u + 176. What is c(0)?
176
Let d(w) = 1596*w + 33633. Give d(-21).
117
Let s(o) = -o**3 + 88*o**2 + 1202*o - 3357. Determine s(-14).
-193
Let p(x) = -x**3 - 28*x**2 - 253*x - 7746. What is p(-29)?
432
Let f(s) = -15*s**2 - 1457*s + 4283. Calculate f(-100).
-17
Let z(c) = 5*c**2 + 718*c - 9459. Determine z(13).
720
Let b(g) = -2*g**2 - 5*g + 821. What is b(-21)?
44
Let i(w) = 39842*w + 119571. Determine i(-3).
45
Let g(r) = 7*r**2 - 1160*r - 2698. What is g(171)?
3629
Let c(t) = t**3 - 388*t**2 - 7726*t + 31. Calculate c(-19).
-102
Let x(u) = -380*u - 14545. Calculate x(-36).
-865
Let k(t) = -886585*t + 4432914. Give k(5).
-11
Let j(q) = q**3 - 57*q**2 + 732*q + 272. Determine j(37).
-24
Let r(c) = 1704*c + 8520. Give r(-5).
0
Let u(f) = -2934251*f + 20539751. Determine u(7).
-6
Let p(d) = -7*d**3 - 63*d**2 + 22*d - 27. What is p(-9)?
-225
Let b(w) = w**3 - 213*w**2 + 7307*w + 124. Determine b(43).
-5
Let z(o) = 33684*o + 497. Calculate z(0).
497
Let l(y) = y**3 + 22*y**2 - 919*y - 21199. Determine l(-26).
-9
Let c(n) = 11*n**2 - 582*n - 1693. Determine c(56).
211
Let a(j) = j**3 - 26*j**2 - 445*j + 114. Determine a(-12).
-18
Let j(i) = -14*i**2 + 160*i - 491. Give j(3).
-137
Let l(d) = d**3 + 114*d**2 + 886*d - 401. Give l(-9).
130
Let w(c) = 10*c**3 - 4*c**2 + 32*c - 100. Calculate w(4).
604
Let b(m) = m**3 - 23*m**2 - 14*m + 89. Calculate b(8).
-983
Let i(m) = 19*m**3 + 311*m**2 + 384*m + 298. What is i(-15)?
388
Let l(a) = 352*a + 5265. Give l(-16).
-367
Let p(g) = g**2 - 487*g + 19893. What is p(45)?
3
Let r(g) = 11925*g - 954050. Give r(80).
-50
Let a(b) = 15*b + 760. Give a(-50).
10
Let x(j) = 3291*j - 148071. Calculate x(45).
24
Let w(h) = h**3 + 88*h**2 - 351. Calculate w(-88).
-351
Let c(q) = -224*q**3 - 2*q**2 - 316*q - 629. Calculate c(-2).
1787
Let f(s) = 10030*s - 120379. Determine f(12).
-19
Let m(r) = 37358*r + 223660. Give m(-6).
-488
Let c(j) = 212*j - 58807. Give c(276).
-295
Let j(x) = 290*x + 111330. Determine j(-384).
-30
Let u(m) = -519756*m - 2079068. Determine u(-4).
-44
Let h(t) = 44298*t + 2657849. Calculate h(-60).
-31
Let t(r) = 1149*r - 88369. Give t(78).
1253
Let r(y) = 2546*y**2 + 45744*y + 35. Calculate r(-18).
1547
Let g(t) = 525*t**2 + 205800*t - 20. Give g(-392).
-20
Let z(v) = -20*v**2 - 28*v - 11. Determine z(-3).
-107
Let t(x) = 161*x**2 + 9624*x - 125350. Determine t(11).
-5
Let s(x) = -x**3 - 38*x**2 - 111*x - 94. Give s(-2).
-16
Let u(x) = -x**3 + 8*x**2 + 17928*x + 1592. Give u(138).
-64
Let s(h) = 3*h**2 - 279*h + 3762. Give s(13).
642
Let j(b) = -2108*b - 12721. What is j(-6)?
-73
Let w(b) = 15*b**2 - b + 541. Determine w(-9).
1765
Let l(a) = -5*a**2 - 1097*a + 20244. Determine l(19).
-2404
Let w(p) = -p**2 - 766*p + 9234. Calculate w(12).
-102
Let i(w) = -w**3 - 94*w**2 - 4780*w - 422837. Calculate i(-92).
-5
Let r(m) = 2701*m + 277475. Calculate r(-103).
-728
Let r(g) = -32*g + 10562. Determine r(330).
2
Let u(k) = -1647*k - 11811. What is u(-7)?
-282
Let x(v) = 2*v**2 + 8673*v - 2399904. Calculate x(261).
-9
Let z(t) = -837175*t - 6697402. Calculate z(-8).
-2
Let f(t) = t**3 - 791*t**2 + 148768*t - 1220. Calculate f(308).
12
Let x(s) = 2377*s**3 - s**2 - 43*s + 45. Give x(1).
2378
Let s(i) = -49*i**3 + 2105*i**2 + 82*i + 164. Determine s(43).
-8
Let l(t) = 534*t + 247104. What is l(-463)?
-138
Let u(b) = 166*b + 2000. What is u(-14)?
-324
Let g(f) = 823*f + 6274. Determine g(-10).
-1956
Let s(y) = -5*y**3 - 279*y**2 + 71*y - 466. Give s(-56).
-1306
Let m(i) = -5*i**3 + 404*i**2 - 5759*i - 4273. Determine m(62).
5
Let s(c) = c**3 - 260*c**2 + 1543*c - 4869. What is s(254)?
-43
Let v(r) = -1113*r - 88540. Calculate v(-75).
-5065
Let w(u) = -14*u**3 + 58*u**2 + 5*u - 38. What is w(4)?
14
Let r(w) = 2*w**3 - 144*w**2 - 2019*w - 58. What is r(-12)?
-22
Let n(l) = l**3 + 26*l**2 - 68*l - 493. Determine n(-28).
-157
Let j(m) = -5*m**3 - 10*m - 31. What is j(4)?
-391
Let t(i) = 47*i**2 - 658*i + 1986. Calculate t(3).
435
Let p(q) = -q**3 + 20*q**2 + 1717*q - 33131. What is p(19)?
-147
Let g(c) = 10249*c + 983918. Determine g(-96).
14
Let q(p) = -p**2 + 1112005*p - 5559996. Give q(5).
4
Let u(v) = 358*v**3 + 47*v**2 + 50*v + 2. Calculate u(-1).
-359
Let x(l) = 31962*l - 351494. Give x(11).
88
Let t(w) = 407*w**2 + 6726*w + 3451. Calculate t(-16).
27
Let v(z) = 20030*z - 40206. Calculate v(2).
-146
Let m(d) = 45*d**2 + 50*d - 87. Determine m(2).
193
Let i(v) = 12*v**2 - 433*v - 1469. Determine i(39).
-104
Let i(b) = -4952*b - 326817. Give i(-66).
15
Let x(m) = -m**3 + 108*m**2 + 489*m - 4696. Calculate x(112).
-104
Let a(k) = k**2 - 2256*k - 106. What is a(0)?
-106
Let l(p) = 2081958*p - 16655669. What is l(8)?
-5
Let n(p) = -6*p**2 + 856*p + 665. Determine n(142).
1233
Let w(u) = u**2 - 2724*u - 21778. Determine w(-8).
78
Let z(f) = 2409*f - 171028. Calculate z(71).
11
Let s(x) = 53402*x + 320418. Determine s(-6).
6
Let m(a) = 47*a**2 - 3176*a - 229. Give m(68).
1131
Let j(f) = 155*f**2 + 720*f - 1427. Determine j(2).
633
Let b(k) = 2*k**3 - 156*k**2 - 155*k + 783. What is b(79)?
1020
Let d(l) = 1929*l + 443683. What is d(-230)?
13
Let c(u) = 113233*u + 679247. Calculate c(-6).
-151
Let s(m) = -34*m**3 - 1188*m**2 + 2*m - 2386. Determine s(-35).
-6
Let x(o) = -19369*o - 96944. What is x(-5)?
-99
Let t(j) = -363*j**3 - 26*j**2 - 236*j + 262. Determine t(1).
-363
Let o(m) = 6*m**3 + 868*m**2 + 4727*m + 134. Calculate o(-139).
-5
Let o(b) = -1900*b + 3533. What is o(2)?
-267
Let x(o) = -8*o**3 + 101*o**2 - 273*o + 23. Calculate x(9).
-85
Let v(a) = -517*a - 23343. What is v(-45)?
-78
Let z(f) = -31*f**3 + 3303*f**2 + 1524*f - 2804. Calculate z(107).
-22
Let p(u) = -10133*u + 8572516. What is p(846)?
-2
Let q(v) = -8*v**3 - 1256*v**2 - 6*v - 928. Give q(-157).
14
Let t(k) = 33029*k + 231233. Calculate t(-7).
30
Let l(v) = -v**2 - 69*v + 1568. Calculate l(17).
106
Let x(z) = 23257*z + 139546. Determine x(-6).
4
Let x(c) = -3477*c + 7. What is x(0)?
7
Let w(d) = 3*d**3 + 229*d**2 - 137*d + 1356. Give w(-77).
47
Let b(a) = 2*a**